emainder when 263328944 is divided by 283.
274
What is the remainder when 195281 is divided by 32526?
125
Calculate the remainder when 40067 is divided by 7641.
1862
What is the remainder when 141034 is divided by 28205?
9
Calculate the remainder when 425385 is divided by 579.
399
Calculate the remainder when 75460 is divided by 312.
268
Calculate the remainder when 184307724 is divided by 189.
27
Calculate the remainder when 7850747 is divided by 75.
47
Calculate the remainder when 2394055 is divided by 31.
18
What is the remainder when 1557983 is divided by 3557?
17
Calculate the remainder when 9727556 is divided by 106896.
20
What is the remainder when 10975659 is divided by 28?
23
Calculate the remainder when 15253558 is divided by 360.
358
What is the remainder when 8064432 is divided by 10514?
194
What is the remainder when 1513692 is divided by 278?
260
What is the remainder when 3319555 is divided by 1781?
1552
Calculate the remainder when 272888 is divided by 1844.
1820
What is the remainder when 28252887 is divided by 28252875?
12
What is the remainder when 17968056 is divided by 544486?
18
Calculate the remainder when 28227 is divided by 5384.
1307
Calculate the remainder when 7741368 is divided by 362.
360
Calculate the remainder when 71505 is divided by 285.
255
Calculate the remainder when 46111 is divided by 2654.
993
Calculate the remainder when 3923183 is divided by 1307708.
59
Calculate the remainder when 2609710 is divided by 3133.
3054
Calculate the remainder when 17418853 is divided by 104.
101
What is the remainder when 321368439 is divided by 4540?
4539
What is the remainder when 3530495 is divided by 550?
45
What is the remainder when 134511 is divided by 2333?
1530
What is the remainder when 14572298 is divided by 41?
37
What is the remainder when 7015076 is divided by 14316?
236
What is the remainder when 314976 is divided by 2033?
1894
Calculate the remainder when 3002355 is divided by 3869.
11
What is the remainder when 7824066 is divided by 2129?
2120
What is the remainder when 42934462 is divided by 4293442?
42
Calculate the remainder when 197411 is divided by 5872.
3635
Calculate the remainder when 23706 is divided by 181.
176
Calculate the remainder when 40636 is divided by 52.
24
What is the remainder when 3269235 is divided by 1634612?
11
What is the remainder when 23151313 is divided by 625711?
6
What is the remainder when 155218527 is divided by 32?
31
Calculate the remainder when 7100203 is divided by 46.
11
Calculate the remainder when 32035871 is divided by 1337.
14
Calculate the remainder when 83464 is divided by 13909.
10
Calculate the remainder when 25538 is divided by 96.
2
What is the remainder when 400731 is divided by 126?
51
What is the remainder when 716818 is divided by 8433?
13
What is the remainder when 807581 is divided by 201885?
41
What is the remainder when 1649164 is divided by 47?
28
Calculate the remainder when 135520820 is divided by 51.
50
Calculate the remainder when 145011 is divided by 407.
119
What is the remainder when 20211540 is divided by 325992?
36
Calculate the remainder when 1957564 is divided by 1018.
968
What is the remainder when 194500 is divided by 2462?
2
What is the remainder when 36236 is divided by 16932?
2372
What is the remainder when 6141740 is divided by 504?
500
What is the remainder when 6883310 is divided by 983325?
35
Calculate the remainder when 27592223 is divided by 89.
87
What is the remainder when 41327 is divided by 2377?
918
What is the remainder when 69681 is divided by 69655?
26
Calculate the remainder when 605233 is divided by 776.
729
Calculate the remainder when 53023989 is divided by 577.
574
Calculate the remainder when 5093132 is divided by 1356.
1352
Calculate the remainder when 369232179 is divided by 2673.
2670
What is the remainder when 21865295 is divided by 93?
65
What is the remainder when 451852 is divided by 680?
332
Calculate the remainder when 21369 is divided by 2191.
1650
Calculate the remainder when 36660496 is divided by 28.
12
What is the remainder when 192207 is divided by 64034?
105
What is the remainder when 77400 is divided by 669?
465
Calculate the remainder when 529673 is divided by 27.
14
What is the remainder when 19779225 is divided by 54?
51
What is the remainder when 190460 is divided by 44843?
11088
What is the remainder when 2899813 is divided by 3027?
2974
What is the remainder when 735157 is divided by 318?
259
Calculate the remainder when 3437006 is divided by 650.
456
Calculate the remainder when 5596434 is divided by 2927.
10
What is the remainder when 1902343 is divided by 48778?
1
What is the remainder when 8333163 is divided by 124?
115
What is the remainder when 3483362 is divided by 96760?
2
What is the remainder when 288564 is divided by 247?
68
Calculate the remainder when 632662 is divided by 316.
30
Calculate the remainder when 2843200 is divided by 4381.
4312
Calculate the remainder when 1088649701 is divided by 481.
477
What is the remainder when 818788 is divided by 1918?
1720
Calculate the remainder when 1149794 is divided by 350.
44
Calculate the remainder when 788138 is divided by 8794.
5472
Calculate the remainder when 170229 is divided by 1473.
834
What is the remainder when 81135 is divided by 7365?
120
Calculate the remainder when 1907889 is divided by 912.
897
What is the remainder when 3629688 is divided by 6121?
6056
Calculate the remainder when 81161213 is divided by 6.
5
Calculate the remainder when 9815303 is divided by 47.
11
What is the remainder when 1426126 is divided by 380?
366
Calculate the remainder when 78173 is divided by 1538.
1273
What is the remainder when 7478000 is divided by 1572?
1568
What is the remainder when 331844 is divided by 2321?
2262
Calculate the remainder when 294321 is divided by 294300.
21
Calculate the remainder when 902001 is divided by 52.
9
What is the remainder when 254177898 is divided by 5900?
5898
Calculate the remainder when 390357292 is divided by 97.
95
What is the remainder when 1310289 is divided by 463?
462
What is the remainder when 680562 is divided by 171?
153
Calculate the remainder when 241631 is divided by 2291.
1076
What is the remainder when 645538 is divided by 136?
82
Calculate the remainder when 57236 is divided by 867.
14
What is the remainder when 16105734 is divided by 575?
559
What is the remainder when 80748507 is divided by 26916169?
0
Calculate the remainder when 987795 is divided by 2932.
2643
Calculate the remainder when 3364719 is divided by 305883.
6
What is the remainder when 878517 is divided by 806?
783
Calculate the remainder when 55346640 is divided by 8191.
53
What is the remainder when 56820473 is divided by 11364079?
78
What is the remainder when 25620 is divided by 25585?
35
What is the remainder when 23965097 is divided by 10312?
9
Calculate the remainder when 362045 is divided by 15735.
140
What is the remainder when 1295402 is divided by 5161?
5152
What is the remainder when 46032631 is divided by 17430?
1
Calculate the remainder when 13663321 is divided by 207020.
1
Calculate the remainder when 284333 is divided by 351.
23
What is the remainder when 92921 is divided by 633?
503
Calculate the remainder when 2619168 is divided by 40.
8
What is the remainder when 376102 is divided by 53485?
1707
Calculate the remainder when 3448661 is divided by 47.
36
Calculate the remainder when 8338440 is divided by 326.
12
What is the remainder when 10632392 is divided by 239?
238
Calculate the remainder when 271606 is divided by 2322.
2254
Calculate the remainder when 35725692 is divided by 87.
12
Calculate the remainder when 1843992 is divided by 263.
99
Calculate the remainder when 348665 is divided by 909.
518
Calculate the remainder when 41051422 is divided by 16.
14
What is the remainder when 4741123 is divided by 389?
380
What is the remainder when 1232926 is divided by 32429?
624
Calculate the remainder when 1204029 is divided by 16270.
49
Calculate the remainder when 398271784 is divided by 246.
244
What is the remainder when 12195272 is divided by 19?
8
What is the remainder when 259696265 is divided by 63?
59
What is the remainder when 170212628 is divided by 858?
14
Calculate the remainder when 1369 is div